 is divided by (240/12)/(4/16)?
78
Let c = -135 - -226. Let z = 96 - c. Suppose -2*r + z*s + 153 = 0, -3*r - 2*r = 4*s - 333. Calculate the remainder when r is divided by 14.
13
Suppose 412*c - 940*c + 395785 = -463*c. Calculate the remainder when c is divided by 1521.
5
Suppose -30*u - 10 = -32*u. Suppose -268 = 7*d - 11*d - u*c, -3*d + 220 = -c. Suppose -4*b + 92 = 32. What is the remainder when d is divided by b?
12
Let n(y) = -y**3 + 14*y**2 - 7*y - 49. Let v be n(14). Suppose 183 = 4*f - f. What is the remainder when f is divided by 51*7/v*-7?
10
Let m = -142 + 126. Calculate the remainder when 62 is divided by 1 + -1 + -2 - m.
6
Let n = 124 - -16. Suppose 0 = -3*c - 11 + n. Calculate the remainder when c is divided by 38.
5
Suppose -6*c - 111 + 33 = 0. Let j = c + 88. Calculate the remainder when 293 is divided by j.
68
Calculate the remainder when (-10)/125 - (-556776)/950 is divided by 206.
174
Calculate the remainder when 1314 is divided by (4 + 368)/4 - 7/49*-7.
92
Let m(k) = 7*k**3 - 64*k**2 + 52*k - 419. What is the remainder when m(15) is divided by 102?
100
Let f = 110 - 56. Suppose 10*k + 112 - 1726 = -2*b, 3*k + b - 489 = 0. What is the remainder when k is divided by f?
51
Let d(x) = -x**2 + 1. Let j(s) = -2*s**2 - 13*s - 18. Let c(w) = 3*d(w) - j(w). Let t be c(14). Let g = 59 - t. Calculate the remainder when g is divided by 11.
8
Suppose 25*m - 130 = 42*m - 27*m. Calculate the remainder when 22266 is divided by m.
10
Calculate the remainder when 9 + 378 + (2 - (3 + -7)) is divided by 128.
9
Calculate the remainder when 163 is divided by (-12215)/698*(-84)/10.
16
Let q = 14 + -10. Suppose q*u = 3*r + 199, 0*r = -r + u - 66. Calculate the remainder when 3/((-265)/r + -4) is divided by 14.
11
Let h = 4321 + -3963. What is the remainder when h is divided by 196?
162
Suppose -63*a + 12104 = 78*a - 5*a. Calculate the remainder when 621 is divided by a.
87
Calculate the remainder when 1872 is divided by 126/70*(-16)/(-12)*15.
0
Suppose 1271 = 2*s - 971. Let g = -357 + s. Suppose -2*u = -4*r + 756, 3*r = -r + 4*u + g. Calculate the remainder when r is divided by 38.
35
Let d = 206 + -202. Calculate the remainder when 46 is divided by (6 - d)*(-1)/((-3)/9).
4
Calculate the remainder when 190 is divided by 9/(-84)*-4 - (-8250)/154.
28
Calculate the remainder when 18647 is divided by (3/(-2))/((-468)/(-39) + (-889)/74).
110
Suppose -89*g + 19674 + 301299 = 202*g. What is the remainder when g is divided by 79?
76
Let v be 1/4 - 474/(-24). Let b = v - 9. Let f(n) = -n**2 - 7*n - 6. What is the remainder when b is divided by f(-5)?
3
Let h(o) = -41*o**3 + 3*o**2 - 5*o + 6. Let n be h(3). Let r(i) = 37*i - 1. What is the remainder when r(4) is divided by n/(-44) - 4/(-16)?
22
Suppose -5*n - 3 = 12, -2378 = -5*p + n. What is the remainder when p is divided by 34?
33
Suppose 0 = -5*h + 5*g + 1160, 5*h + 1172 = 10*h - 3*g. Calculate the remainder when h is divided by 111.
16
Let p = -59 + 118. Let s = -522 + 554. Suppose 2*k - 72 = -4*q, 0 = 3*q - 3*k - s - 4. Calculate the remainder when p is divided by q.
11
Let l(w) = -381*w**2 - 2*w - 3. Let r be l(-1). Suppose 3*q + 6 = 0, -s + 12 = 4*q - 0. Calculate the remainder when (-18)/90 + 0 + r/(-10) is divided by s.
18
Let b(g) be the second derivative of g**4/12 + g**3 + 13*g**2/2 + 23*g. Let j be b(-3). What is the remainder when 97 is divided by -5 - -6*j - 5?
13
Let y(f) = -27 + 12 + 19*f - f**2 - 2*f. Calculate the remainder when 79 is divided by y(15).
4
Suppose -3*z + 174 = -n, -12 + 15 = n. Suppose 0*j = 3*j - 189. Let h = -42 + j. What is the remainder when z is divided by h?
17
What is the remainder when 2147 + 24 + -14 + -38 is divided by 39?
13
Suppose 0 = j + 4*j - 35. Let o(v) be the second derivative of v**4/12 + 2*v**3/3 + 13*v**2 - 2*v. What is the remainder when o(j) is divided by 26?
25
What is the remainder when 22450/10*18/90 is divided by 77?
64
Let f(i) = -133*i - 8. Let o be f(1). Let r = o - -180. What is the remainder when r is divided by 18?
3
What is the remainder when (1913 + 20/5)*(-20)/(-60) is divided by 34?
27
Suppose -10*x = -8*x - 2*c - 8670, -4*c = 4*x - 17388. What is the remainder when x is divided by 189?
183
Suppose -434 + 119 = -15*v. Suppose -5*c - 80 = -5*i, -i = 5*c - 7*c - v. Calculate the remainder when 76 is divided by i.
10
Let r = 8787 + -8761. Suppose j - 12 = -3. What is the remainder when r is divided by j?
8
Suppose -3*p - o - 864 = 4*o, 0 = 4*p - 2*o + 1152. Let h be (p/(-6) - 1)*3*1. Let z = 237 - h. Calculate the remainder when z is divided by 14.
12
Suppose 24*r = -150*r + 506862. Calculate the remainder when r is divided by 31.
30
Suppose -n + 4*t + 32 = -33, 0 = -3*n + 5*t + 223. Let o = -64316 - -64358. What is the remainder when n is divided by o?
39
Let n(p) = 2*p**2 - 11*p - 4. Let b be n(6). Suppose b*h - 45 = 6*i - 9*i, -2*h = 5*i - 71. What is the remainder when 90 is divided by i?
12
What is the remainder when 1*(0 + 1554)/14 is divided by 26?
7
Let d(l) = 4*l - 2. Let r = 231 + -217. Suppose -r*f = -10*f - 236. What is the remainder when f is divided by d(3)?
9
Suppose 15*p = 100 + 110. Suppose 2*j = 4*j + 4*r - p, j - 31 = 4*r. Let m(f) = 2*f**2 - 6*f + 6. What is the remainder when m(6) is divided by j?
12
Let m(u) = -17*u**2 - 47*u + 70. Let f(z) = -8*z**2 - 23*z + 34. Let o(n) = -9*f(n) + 4*m(n). What is the remainder when o(-12) is divided by 65?
62
Let s = 773 + -766. What is the remainder when 450 is divided by s?
2
Let r be (-145)/(-58)*16/5. Suppose -r*y = -50 - 110. What is the remainder when 47 is divided by y?
7
Suppose 3*f = 13*f - 440. Let j(y) = 2*y**2 - 16*y. Let k be j(14). Let b = k - 81. Calculate the remainder when b is divided by f.
43
Let n(l) be the first derivative of -l**3 + l**2/2 + 7*l - 38. Let d be n(0). What is the remainder when 21 is divided by (-2)/d*(-6 + -8)?
1
Suppose 1285 = 3*s + 2*u, 25*s - 8*u = 26*s - 421. Calculate the remainder when s is divided by 48.
45
Suppose 1 - 33 = -8*y. Suppose -3*k + y = -47. Suppose 1 = -2*n + k. What is the remainder when 54 is divided by n?
6
Let f(h) = -h + 16. Suppose 2 = -4*x + 18. Suppose -2*d + x*d = 10. Calculate the remainder when f(1) is divided by d.
0
Suppose -3*g = 5*i - 3061, g - 344 = -i + 267. What is the remainder when i is divided by 604?
10
Suppose -32*r - 12 = -34*r. Let t(l) = 2*l**2 - l - 17. What is the remainder when 189 is divided by t(r)?
42
Let d = 147 + -141. Suppose 0 = 226*c - 224*c - d. What is the remainder when 30 is divided by c?
0
Let i(v) = v**2 + 9*v - 2713. Calculate the remainder when i(157) is divided by 19.
17
Suppose 0 = 2*f + 6, 1373*f - 1375*f = -5*j + 1221. What is the remainder when 499 is divided by j?
13
Suppose 0 = -4*x + 5*k + 2292, 65*x = 60*x + 2*k + 2865. What is the remainder when x is divided by 16?
13
Let j = 12 - 44. Let u = j - -37. Suppose u*n - 13*n + 200 = 0. Calculate the remainder when n is divided by 7.
4
Suppose 74 = 5*a + 4*q, -3*a + 120 - 73 = 5*q. What is the remainder when 10*(-78)/(-12) + 0 + 3 is divided by a?
12
Let q = 128 - 130. What is the remainder when (-1)/(q + (2 - 2/124)) is divided by 16?
14
Let b = 3766 - 3705. Calculate the remainder when b is divided by 41.
20
Let v(t) = -2*t**2 - 26*t + 7. Let z(o) = o - 1. Let c(h) = v(h) + 4*z(h). Let j be (6/(-12))/((-3)/(-66)). Calculate the remainder when 14 is divided by c(j).
2
Suppose 3*i = 3*j - 15035 + 5741, 2*j + 4*i - 6238 = 0. What is the remainder when j is divided by 5?
0
Let v(c) = -c**3 + 5*c**2 + 90*c - 26. What is the remainder when 831 is divided by v(12)?
3
Suppose -3*l = 4*m - 394, 0 = 4*m + 2*l + 71 - 467. Let g = m + -36. Suppose -62 = 5*p - 117. Calculate the remainder when g is divided by p.
9
Suppose -4 + 3 = -w. Let k(p) = 12*p**3 - 2*p + 2. Suppose -3*h + 137 - 47 = 3*o, -4*h - 16 = 0. What is the remainder when o is divided by k(w)?
10
Suppose 65 = 12*o - 31. Suppose 0*n - 2*n + o = 0. Suppose 3*y - 8 = -4*k, 9*y - n*y = -2*k + 18. Calculate the remainder when 9 is divided by y.
1
Let y(a) = 5*a**2 + 3. Let o be y(0). What is the remainder when (9 - 5) + (-3)/o is divided by 2?
1
Let l(c) = -c**2 - 15*c - 7. Let j be (-6 + 13/3)*(8 + -2). What is the remainder when l(j) is divided by 24?
19
Let d(i) be the se